{"id":15,"date":"2020-04-28T18:41:07","date_gmt":"2020-04-28T21:41:07","guid":{"rendered":"http:\/\/www.touribar.com.ar\/?page_id=15"},"modified":"2021-10-06T12:10:52","modified_gmt":"2021-10-06T15:10:52","slug":"inicio","status":"publish","type":"page","link":"https:\/\/www.touribar.com.ar\/","title":{"rendered":"Inicio"},"content":{"rendered":"<p>[et_pb_section fb_built=&#8221;1&#8243; fullwidth=&#8221;on&#8221; _builder_version=&#8221;4.4.1&#8243; global_colors_info=&#8221;{}&#8221;][et_pb_fullwidth_slider show_content_on_mobile=&#8221;off&#8221; _builder_version=&#8221;4.11.1&#8243; header_text_color=&#8221;#032b35&#8243; header_font_size=&#8221;45px&#8221; header_letter_spacing=&#8221;1px&#8221; header_line_height=&#8221;1.1em&#8221; body_text_color=&#8221;#d8d8d8&#8243; auto=&#8221;on&#8221; hover_enabled=&#8221;0&#8243; border_width_all_image=&#8221;2px&#8221; border_color_all_image=&#8221;#000000&#8243; global_colors_info=&#8221;{}&#8221; title_text=&#8221;touribar con compresor&#8221; background_image=&#8221;https:\/\/www.touribar.com.ar\/wp-content\/uploads\/2021\/10\/Historia2-167&#215;300.png&#8221; sticky_enabled=&#8221;0&#8243;][et_pb_slide heading=&#8221;Linea Camping y Motorhome&#8221; button_text=&#8221;M\u00e1s Informaci\u00f3n&#8221; button_link=&#8221;https:\/\/www.touribar.com.ar\/?page_id=56&#8243; use_bg_overlay=&#8221;on&#8221; _builder_version=&#8221;4.11.1&#8243; header_font=&#8221;||||||||&#8221; header_text_color=&#8221;#ffffff&#8221; header_font_size=&#8221;39px&#8221; body_text_color=&#8221;#ffffff&#8221; body_font_size=&#8221;19px&#8221; body_line_height=&#8221;1em&#8221; background_image=&#8221;https:\/\/www.touribar.com.ar\/wp-content\/uploads\/2021\/10\/Frio-Touribar.jpg&#8221; background_enable_image=&#8221;on&#8221; custom_button=&#8221;on&#8221; button_border_radius=&#8221;23px&#8221; button_letter_spacing=&#8221;0px&#8221; button_use_icon=&#8221;on&#8221; button_icon=&#8221;%%28%%&#8221; header_font_tablet=&#8221;&#8221; header_font_phone=&#8221;&#8221; header_font_last_edited=&#8221;on|phone&#8221; header_font_size_tablet=&#8221;&#8221; header_font_size_phone=&#8221;&#8221; header_font_size_last_edited=&#8221;on|phone&#8221; global_colors_info=&#8221;{}&#8221; sticky_transition=&#8221;on&#8221;]<\/p>\n<p>Heladeras Y Freezer A Gas Para Que Tengas Tus Alimentos Y Bebidas Fr\u00edas Est\u00e9s Donde Est\u00e9s<\/p>\n<p>[\/et_pb_slide][et_pb_slide heading=&#8221;L\u00ednea Hotelera&#8221; button_text=&#8221;M\u00e1s Informaci\u00f3n&#8221; button_link=&#8221;https:\/\/www.touribar.com.ar\/?page_id=61&#8243; use_bg_overlay=&#8221;on&#8221; bg_overlay_color=&#8221;rgba(0,0,0,0.41)&#8221; _builder_version=&#8221;4.11.1&#8243; header_text_color=&#8221;#d8d8d8&#8243; background_image=&#8221;https:\/\/www.touribar.com.ar\/wp-content\/uploads\/2021\/10\/frigobar-Touribar.jpg&#8221; background_enable_image=&#8221;on&#8221; custom_button=&#8221;on&#8221; button_border_radius=&#8221;23px&#8221; button_use_icon=&#8221;on&#8221; button_icon=&#8221;%%28%%&#8221; global_colors_info=&#8221;{}&#8221; sticky_transition=&#8221;on&#8221;]<\/p>\n<p>Los Minibares Touribar\u00a0Totalmente Silenciosos Te Brindan Confort Y Calidad.<\/p>\n<p>[\/et_pb_slide][et_pb_slide heading=&#8221;Nueva Linea Con Compresor&#8221; button_text=&#8221;M\u00e1s informaci\u00f3n&#8221; button_link=&#8221;https:\/\/www.touribar.com.ar\/?page_id=66&#8243; _builder_version=&#8221;4.11.1&#8243; header_text_color=&#8221;#ffffff&#8221; background_color=&#8221;#000000&#8243; background_enable_color=&#8221;on&#8221; background_color_gradient_direction=&#8221;175deg&#8221; background_image=&#8221;https:\/\/www.touribar.com.ar\/wp-content\/uploads\/2021\/10\/Historia1.png&#8221; background_enable_image=&#8221;on&#8221; custom_button=&#8221;on&#8221; button_border_radius=&#8221;23px&#8221; button_use_icon=&#8221;on&#8221; button_icon=&#8221;%%28%%&#8221; hover_enabled=&#8221;0&#8243; global_colors_info=&#8221;{}&#8221; sticky_transition=&#8221;on&#8221; title_text=&#8221;Historia1&#8243; sticky_enabled=&#8221;0&#8243; parallax=&#8221;on&#8221;]<\/p>\n<p>Refrigeradores Touribar Con Compresor Para Que Tengas Tus Alimentos Y Bebidas Bien Fr\u00edos<\/p>\n<p>[\/et_pb_slide][\/et_pb_fullwidth_slider][\/et_pb_section][et_pb_section fb_built=&#8221;1&#8243; _builder_version=&#8221;4.4.1&#8243; background_color=&#8221;#d8d8d8&#8243; custom_margin=&#8221;||-19px|||&#8221; custom_padding=&#8221;||25px|||&#8221; global_colors_info=&#8221;{}&#8221;][et_pb_row _builder_version=&#8221;4.3.1&#8243; global_colors_info=&#8221;{}&#8221;][et_pb_column type=&#8221;4_4&#8243; _builder_version=&#8221;4.3.1&#8243; global_colors_info=&#8221;{}&#8221;][et_pb_divider divider_weight=&#8221;12px&#8221; _builder_version=&#8221;4.4.2&#8243; module_alignment=&#8221;center&#8221; global_colors_info=&#8221;{}&#8221;][\/et_pb_divider][\/et_pb_column][\/et_pb_row][et_pb_row column_structure=&#8221;1_3,1_3,1_3&#8243; _builder_version=&#8221;4.4.1&#8243; min_height=&#8221;272px&#8221; custom_margin=&#8221;|auto|-16px|auto||&#8221; global_colors_info=&#8221;{}&#8221;][et_pb_column type=&#8221;1_3&#8243; _builder_version=&#8221;4.4.1&#8243; global_colors_info=&#8221;{}&#8221;][et_pb_image src=&#8221;https:\/\/www.touribar.com.ar\/wp-content\/uploads\/2021\/10\/Logo-Metab-nuevo-grande.png&#8221; _builder_version=&#8221;4.4.1&#8243; global_colors_info=&#8221;{}&#8221;][\/et_pb_image][\/et_pb_column][et_pb_column type=&#8221;1_3&#8243; _builder_version=&#8221;4.4.1&#8243; global_colors_info=&#8221;{}&#8221;][et_pb_text _builder_version=&#8221;4.4.2&#8243; text_text_color=&#8221;#757575&#8243; text_font_size=&#8221;18px&#8221; link_text_align=&#8221;center&#8221; width=&#8221;100%&#8221; max_width=&#8221;100%&#8221; global_colors_info=&#8221;{}&#8221;]<\/p>\n<p style=\"text-align: justify;\">Somos una empresa Argentina\u00a0 que a traves de la marca Touribar fabricamos minibares y refrigeradores por absorci\u00f3n y motor compresor.<\/p>\n<p style=\"text-align: justify;\">En la linea por absorci\u00f3n nos destacamos en hoteleria por fabricar minibares totalmente silenciosos y en los lugares donde no existe energia el\u00e9ctrica por producir refrigeradores triales (12v o 24v o 48v \/ 220v \/ gas).<\/p>\n<p style=\"text-align: center;\"><a href=\"https:\/\/www.metab.com.ar\/refrigerador\/?page_id=78\">M\u00e1s informaci\u00f3n<\/a><\/p>\n<p>[\/et_pb_text][\/et_pb_column][et_pb_column type=&#8221;1_3&#8243; _builder_version=&#8221;4.4.1&#8243; global_colors_info=&#8221;{}&#8221;][et_pb_image src=&#8221;https:\/\/www.touribar.com.ar\/wp-content\/uploads\/2021\/10\/Logo-touribar-grande-sin-fondo.png&#8221; _builder_version=&#8221;4.4.1&#8243; global_colors_info=&#8221;{}&#8221;][\/et_pb_image][\/et_pb_column][\/et_pb_row][et_pb_row _builder_version=&#8221;4.4.1&#8243; global_colors_info=&#8221;{}&#8221;][et_pb_column type=&#8221;4_4&#8243; _builder_version=&#8221;4.4.1&#8243; global_colors_info=&#8221;{}&#8221;][et_pb_divider divider_weight=&#8221;12px&#8221; _builder_version=&#8221;4.4.2&#8243; module_alignment=&#8221;center&#8221; custom_margin=&#8221;|-76px||||&#8221; global_colors_info=&#8221;{}&#8221;][\/et_pb_divider][\/et_pb_column][\/et_pb_row][et_pb_row column_structure=&#8221;1_3,1_3,1_3&#8243; _builder_version=&#8221;4.4.1&#8243; min_height=&#8221;201px&#8221; custom_margin=&#8221;|auto|13px|auto||&#8221; border_width_all=&#8221;0px&#8221; border_width_top=&#8221;0px&#8221; border_width_right=&#8221;0px&#8221; global_colors_info=&#8221;{}&#8221;][et_pb_column type=&#8221;1_3&#8243; _builder_version=&#8221;4.3.1&#8243; global_colors_info=&#8221;{}&#8221;][et_pb_blurb title=&#8221;Garant\u00eda y servicio post venta&#8221; use_icon=&#8221;on&#8221; font_icon=&#8221;%%202%%&#8221; icon_color=&#8221;#017E87&#8243; content_max_width=&#8221;290px&#8221; use_icon_font_size=&#8221;on&#8221; icon_font_size=&#8221;60px&#8221; _builder_version=&#8221;4.4.2&#8243; global_colors_info=&#8221;{}&#8221;]<\/p>\n<p style=\"text-align: justify;\">Todos nuestros productos tienen una garant\u00eda de 3 a\u00f1os<\/p>\n<p>[\/et_pb_blurb][\/et_pb_column][et_pb_column type=&#8221;1_3&#8243; _builder_version=&#8221;4.4.1&#8243; global_colors_info=&#8221;{}&#8221;][et_pb_blurb title=&#8221;Refrigeradores y freezer a gas&#8221; use_icon=&#8221;on&#8221; font_icon=&#8221;%%202%%&#8221; content_max_width=&#8221;290px&#8221; use_icon_font_size=&#8221;on&#8221; icon_font_size=&#8221;60px&#8221; _builder_version=&#8221;4.4.2&#8243; global_colors_info=&#8221;{}&#8221;]<\/p>\n<p>Metab s.a. fabrica y comercializa una amplia linea de refrigeradores triales (12v, 24v o 48v \/220v \/ gas)<\/p>\n<p>[\/et_pb_blurb][\/et_pb_column][et_pb_column type=&#8221;1_3&#8243; _builder_version=&#8221;4.3.1&#8243; global_colors_info=&#8221;{}&#8221;][et_pb_blurb title=&#8221;Minibares con dise\u00f1o y calidad&#8221; use_icon=&#8221;on&#8221; font_icon=&#8221;%%202%%&#8221; content_max_width=&#8221;290px&#8221; use_icon_font_size=&#8221;on&#8221; icon_font_size=&#8221;60px&#8221; _builder_version=&#8221;4.4.2&#8243; header_text_align=&#8221;center&#8221; global_colors_info=&#8221;{}&#8221;]<\/p>\n<p style=\"text-align: justify;\">Refrigeradores que se adaptan para ser utilizados dentro como fuera de un mueble. Silenciosos con un alto rendimiento de fr\u00edo y bajo consumo el\u00e9ctrico.<\/p>\n<p>[\/et_pb_blurb][\/et_pb_column][\/et_pb_row][et_pb_row column_structure=&#8221;1_3,1_3,1_3&#8243; _builder_version=&#8221;4.4.1&#8243; min_height=&#8221;315px&#8221; custom_margin=&#8221;3px|auto|-26px|auto||&#8221; custom_padding=&#8221;33px||9px|||&#8221; border_width_all=&#8221;0px&#8221; border_width_top=&#8221;0px&#8221; border_width_right=&#8221;0px&#8221; global_colors_info=&#8221;{}&#8221;][et_pb_column type=&#8221;1_3&#8243; _builder_version=&#8221;4.3.1&#8243; global_colors_info=&#8221;{}&#8221;][et_pb_blurb title=&#8221;Presencia Mundial&#8221; use_icon=&#8221;on&#8221; font_icon=&#8221;%%202%%&#8221; icon_color=&#8221;#017E87&#8243; content_max_width=&#8221;290px&#8221; use_icon_font_size=&#8221;on&#8221; icon_font_size=&#8221;60px&#8221; _builder_version=&#8221;4.4.2&#8243; text_orientation=&#8221;center&#8221; custom_margin=&#8221;-23px|||||&#8221; global_colors_info=&#8221;{}&#8221;]<\/p>\n<p style=\"text-align: justify;\">Exportamos nuestros productos a Uruguay, Brasil, Paraguay, Uruguay y Bolivia<\/p>\n<p>[\/et_pb_blurb][\/et_pb_column][et_pb_column type=&#8221;1_3&#8243; _builder_version=&#8221;4.4.1&#8243; global_colors_info=&#8221;{}&#8221;][et_pb_blurb title=&#8221;Nueva linea de refrigeradores con compresor&#8221; use_icon=&#8221;on&#8221; font_icon=&#8221;%%202%%&#8221; content_max_width=&#8221;290px&#8221; use_icon_font_size=&#8221;on&#8221; icon_font_size=&#8221;60px&#8221; _builder_version=&#8221;4.11.1&#8243; header_text_align=&#8221;center&#8221; hover_enabled=&#8221;0&#8243; global_colors_info=&#8221;{}&#8221; sticky_enabled=&#8221;0&#8243;]<\/p>\n<p style=\"text-align: justify;\">Incorporamos a nuestra linea refrigeradores por motor compresor<\/p>\n<p>[\/et_pb_blurb][\/et_pb_column][et_pb_column type=&#8221;1_3&#8243; _builder_version=&#8221;4.3.1&#8243; global_colors_info=&#8221;{}&#8221;][et_pb_blurb title=&#8221;Minibares con dise\u00f1o y calidad&#8221; use_icon=&#8221;on&#8221; font_icon=&#8221;%%202%%&#8221; content_max_width=&#8221;290px&#8221; use_icon_font_size=&#8221;on&#8221; icon_font_size=&#8221;60px&#8221; _builder_version=&#8221;4.4.2&#8243; header_text_align=&#8221;center&#8221; global_colors_info=&#8221;{}&#8221;]<\/p>\n<p style=\"text-align: justify;\">Fabricamos refrigeradores que se adaptan para ser utilizados dentro como fuera de un mueble. Silenciosos con un alto rendimiento de fr\u00edo y bajo consumo el\u00e9ctrico.<\/p>\n<p>[\/et_pb_blurb][\/et_pb_column][\/et_pb_row][\/et_pb_section][et_pb_section fb_built=&#8221;1&#8243; _builder_version=&#8221;4.4.2&#8243; background_color=&#8221;#d8d8d8&#8243; custom_padding=&#8221;||8px|||&#8221; global_colors_info=&#8221;{}&#8221;][et_pb_row _builder_version=&#8221;4.4.2&#8243; global_colors_info=&#8221;{}&#8221;][et_pb_column type=&#8221;4_4&#8243; _builder_version=&#8221;4.4.2&#8243; global_colors_info=&#8221;{}&#8221;][et_pb_cta title=&#8221;Todav\u00eda No Conoces Los Refrigeradores Touribar?&#8221; button_url=&#8221;https:\/\/www.metab.com.ar\/refrigerador\/?page_id=80&#8243; button_text=&#8221;Presiona aqu\u00ed para conocer nuestros productos&#8221; _builder_version=&#8221;4.4.2&#8243; global_colors_info=&#8221;{}&#8221;]<\/p>\n<p>Te Invitamos A Ver Toda Nuestra L\u00ednea\u00a0 Para Que Tengas Tus Bebidas Y Alimentos Frescos En El Lugar Donde Te Encuentres.<\/p>\n<p>[\/et_pb_cta][\/et_pb_column][\/et_pb_row][\/et_pb_section][et_pb_section fb_built=&#8221;1&#8243; _builder_version=&#8221;4.4.2&#8243; custom_padding=&#8221;4px|||||&#8221; global_colors_info=&#8221;{}&#8221;][et_pb_row column_structure=&#8221;1_5,1_5,1_5,1_5,1_5&#8243; _builder_version=&#8221;4.4.2&#8243; global_colors_info=&#8221;{}&#8221;][et_pb_column type=&#8221;1_5&#8243; _builder_version=&#8221;4.4.2&#8243; global_colors_info=&#8221;{}&#8221;][et_pb_image src=&#8221;https:\/\/www.touribar.com.ar\/wp-content\/uploads\/2021\/10\/TB600CTabiertaproducto.jpg&#8221; _builder_version=&#8221;4.4.2&#8243; global_colors_info=&#8221;{}&#8221;][\/et_pb_image][\/et_pb_column][et_pb_column type=&#8221;1_5&#8243; _builder_version=&#8221;4.4.2&#8243; global_colors_info=&#8221;{}&#8221;][et_pb_image src=&#8221;https:\/\/www.touribar.com.ar\/wp-content\/uploads\/2021\/10\/Touribar-TB600C-abierta-2.jpg&#8221; _builder_version=&#8221;4.4.2&#8243; global_colors_info=&#8221;{}&#8221;][\/et_pb_image][\/et_pb_column][et_pb_column type=&#8221;1_5&#8243; _builder_version=&#8221;4.4.2&#8243; global_colors_info=&#8221;{}&#8221;][et_pb_image src=&#8221;https:\/\/www.touribar.com.ar\/wp-content\/uploads\/2021\/10\/TB40Ccerrada.jpg&#8221; _builder_version=&#8221;4.4.2&#8243; global_colors_info=&#8221;{}&#8221;][\/et_pb_image][\/et_pb_column][et_pb_column type=&#8221;1_5&#8243; _builder_version=&#8221;4.4.2&#8243; global_colors_info=&#8221;{}&#8221;][et_pb_image src=&#8221;https:\/\/www.touribar.com.ar\/wp-content\/uploads\/2021\/10\/TB65Fabierto.jpg&#8221; _builder_version=&#8221;4.4.2&#8243; global_colors_info=&#8221;{}&#8221;][\/et_pb_image][\/et_pb_column][et_pb_column type=&#8221;1_5&#8243; _builder_version=&#8221;4.4.2&#8243; global_colors_info=&#8221;{}&#8221;][et_pb_image src=&#8221;https:\/\/www.touribar.com.ar\/wp-content\/uploads\/2021\/10\/TB120CTabiertaproducto.jpg&#8221; _builder_version=&#8221;4.4.2&#8243; global_colors_info=&#8221;{}&#8221;][\/et_pb_image][\/et_pb_column][\/et_pb_row][\/et_pb_section]<\/p>\n","protected":false},"excerpt":{"rendered":"<p>Heladeras Y Freezer A Gas Para Que Tengas Tus Alimentos Y Bebidas Fr\u00edas Est\u00e9s Donde Est\u00e9sLos Minibares Touribar\u00a0Totalmente Silenciosos Te Brindan Confort Y Calidad.Refrigeradores Touribar Con Compresor Para Que Tengas Tus Alimentos Y Bebidas Bien Fr\u00edosSomos una empresa Argentina\u00a0 que a traves de la marca Touribar fabricamos minibares y refrigeradores por absorci\u00f3n y motor compresor. [&hellip;]<\/p>\n","protected":false},"author":1,"featured_media":0,"parent":0,"menu_order":0,"comment_status":"closed","ping_status":"closed","template":"","meta":{"_et_pb_use_builder":"on","_et_pb_old_content":"","_et_gb_content_width":"","_joinchat":[],"footnotes":""},"class_list":["post-15","page","type-page","status-publish","hentry"],"_links":{"self":[{"href":"https:\/\/www.touribar.com.ar\/index.php?rest_route=\/wp\/v2\/pages\/15","targetHints":{"allow":["GET"]}}],"collection":[{"href":"https:\/\/www.touribar.com.ar\/index.php?rest_route=\/wp\/v2\/pages"}],"about":[{"href":"https:\/\/www.touribar.com.ar\/index.php?rest_route=\/wp\/v2\/types\/page"}],"author":[{"embeddable":true,"href":"https:\/\/www.touribar.com.ar\/index.php?rest_route=\/wp\/v2\/users\/1"}],"replies":[{"embeddable":true,"href":"https:\/\/www.touribar.com.ar\/index.php?rest_route=%2Fwp%2Fv2%2Fcomments&post=15"}],"version-history":[{"count":24,"href":"https:\/\/www.touribar.com.ar\/index.php?rest_route=\/wp\/v2\/pages\/15\/revisions"}],"predecessor-version":[{"id":659,"href":"https:\/\/www.touribar.com.ar\/index.php?rest_route=\/wp\/v2\/pages\/15\/revisions\/659"}],"wp:attachment":[{"href":"https:\/\/www.touribar.com.ar\/index.php?rest_route=%2Fwp%2Fv2%2Fmedia&parent=15"}],"curies":[{"name":"wp","href":"https:\/\/api.w.org\/{rel}","templated":true}]}}