{"id":61,"date":"2020-04-29T03:31:08","date_gmt":"2020-04-29T06:31:08","guid":{"rendered":"http:\/\/www.touribar.com.ar\/?page_id=61"},"modified":"2021-10-06T13:07:04","modified_gmt":"2021-10-06T16:07:04","slug":"linea-hoteleria","status":"publish","type":"page","link":"https:\/\/www.touribar.com.ar\/?page_id=61","title":{"rendered":"L\u00ednea Hoteler\u00eda"},"content":{"rendered":"<p>[et_pb_section fb_built=&#8221;1&#8243; fullwidth=&#8221;on&#8221; _builder_version=&#8221;4.4.3&#8243; _module_preset=&#8221;default&#8221; global_colors_info=&#8221;{}&#8221;][et_pb_fullwidth_slider _builder_version=&#8221;4.4.3&#8243; _module_preset=&#8221;default&#8221; header_font_size=&#8221;29px&#8221; body_font_size=&#8221;17px&#8221; background_image=&#8221;https:\/\/www.touribar.com.ar\/wp-content\/uploads\/2021\/10\/imagen-habitacion-scaled-1.jpg&#8221; min_height=&#8221;396px&#8221; custom_padding=&#8221;334px||0px|||&#8221; header_font_tablet=&#8221;&#8221; header_font_phone=&#8221;&#8221; header_font_last_edited=&#8221;on|phone&#8221; global_colors_info=&#8221;{}&#8221;][et_pb_slide heading=&#8221;Minibar por absorci\u00f3n Touribar&#8221; use_bg_overlay=&#8221;off&#8221; use_text_overlay=&#8221;on&#8221; content_tablet=&#8221;&#8221; content_phone=&#8221;&#8221; content_last_edited=&#8221;on|phone&#8221; _builder_version=&#8221;4.4.3&#8243; _module_preset=&#8221;default&#8221; header_font=&#8221;|600|||||||&#8221; header_font_size=&#8221;31px&#8221; header_letter_spacing=&#8221;3px&#8221; header_font_phone=&#8221;|600|||||||&#8221; header_font_last_edited=&#8221;off|phone&#8221; global_colors_info=&#8221;{}&#8221; sticky_transition=&#8221;on&#8221;]<\/p>\n<p>&nbsp;<\/p>\n<div class=\"modelShortDescriptionComponent-headerWrapper text-center\" style=\"text-align: justify;\"><span style=\"font-size: 16px;\">Los minibares Touribar son fabricados en Argentina. Tienen tres a\u00f1os de garant\u00eda y son totalmente silenciosos por su sistema de refrigeraci\u00f3n por absorci\u00f3n. Las importantes cadenas hoteleras de Argentina confian en Touribar.<\/span><\/div>\n<div class=\"u-textRegular18 text-center modelShortDescriptionComponent-description\" itemprop=\"description\" style=\"text-align: justify;\">Te invitamos a conocer los diferentes modelos de frigobares.<\/div>\n<p>&nbsp;<\/p>\n<p>&nbsp;<\/p>\n<p>[\/et_pb_slide][\/et_pb_fullwidth_slider][\/et_pb_section][et_pb_section fb_built=&#8221;1&#8243; _builder_version=&#8221;4.4.3&#8243; _module_preset=&#8221;default&#8221; background_color=&#8221;#d8d8d8&#8243; custom_margin=&#8221;-7px|||||&#8221; custom_padding=&#8221;216px|||||&#8221; global_colors_info=&#8221;{}&#8221;][et_pb_row _builder_version=&#8221;4.4.3&#8243; _module_preset=&#8221;default&#8221; custom_margin=&#8221;-212px|auto||auto||&#8221; custom_padding=&#8221;138px|||||&#8221; global_colors_info=&#8221;{}&#8221;][et_pb_column type=&#8221;4_4&#8243; _builder_version=&#8221;4.4.3&#8243; _module_preset=&#8221;default&#8221; global_colors_info=&#8221;{}&#8221;][et_pb_portfolio fullwidth=&#8221;off&#8221; include_categories=&#8221;4&#8243; _builder_version=&#8221;4.11.1&#8243; _module_preset=&#8221;default&#8221; title_font_size=&#8221;17px&#8221; background_layout_tablet=&#8221;&#8221; background_layout_phone=&#8221;&#8221; background_layout_last_edited=&#8221;on|tablet&#8221; global_colors_info=&#8221;{}&#8221;][\/et_pb_portfolio][\/et_pb_column][\/et_pb_row][\/et_pb_section][et_pb_section fb_built=&#8221;1&#8243; prev_background_color=&#8221;#d8d8d8&#8243; _builder_version=&#8221;4.5.1&#8243; _module_preset=&#8221;default&#8221; width=&#8221;90%&#8221; width_tablet=&#8221;&#8221; width_phone=&#8221;54%&#8221; width_last_edited=&#8221;on|phone&#8221; custom_padding=&#8221;||0px|||&#8221; top_divider_style=&#8221;arrow2&#8243; global_colors_info=&#8221;{}&#8221;][et_pb_row column_structure=&#8221;1_6,1_6,1_6,1_6,1_6,1_6&#8243; _builder_version=&#8221;4.5.1&#8243; _module_preset=&#8221;default&#8221; global_colors_info=&#8221;{}&#8221;][et_pb_column type=&#8221;1_6&#8243; _builder_version=&#8221;4.5.1&#8243; _module_preset=&#8221;default&#8221; global_colors_info=&#8221;{}&#8221;][et_pb_image src=&#8221;https:\/\/www.touribar.com.ar\/wp-content\/uploads\/2021\/10\/visa-credito.png&#8221; title_text=&#8221;visa-credito&#8221; _builder_version=&#8221;4.5.1&#8243; _module_preset=&#8221;default&#8221; global_colors_info=&#8221;{}&#8221;][\/et_pb_image][\/et_pb_column][et_pb_column type=&#8221;1_6&#8243; _builder_version=&#8221;4.5.1&#8243; _module_preset=&#8221;default&#8221; global_colors_info=&#8221;{}&#8221;][et_pb_image src=&#8221;https:\/\/www.touribar.com.ar\/wp-content\/uploads\/2021\/10\/visa-debito.png&#8221; title_text=&#8221;visa-debito&#8221; _builder_version=&#8221;4.5.1&#8243; _module_preset=&#8221;default&#8221; global_colors_info=&#8221;{}&#8221;][\/et_pb_image][\/et_pb_column][et_pb_column type=&#8221;1_6&#8243; _builder_version=&#8221;4.5.1&#8243; _module_preset=&#8221;default&#8221; global_colors_info=&#8221;{}&#8221;][et_pb_image src=&#8221;https:\/\/www.touribar.com.ar\/wp-content\/uploads\/2021\/10\/mastercard-credito.png&#8221; title_text=&#8221;mastercard-credito&#8221; _builder_version=&#8221;4.5.1&#8243; _module_preset=&#8221;default&#8221; global_colors_info=&#8221;{}&#8221;][\/et_pb_image][\/et_pb_column][et_pb_column type=&#8221;1_6&#8243; _builder_version=&#8221;4.5.1&#8243; _module_preset=&#8221;default&#8221; global_colors_info=&#8221;{}&#8221;][et_pb_image src=&#8221;https:\/\/www.touribar.com.ar\/wp-content\/uploads\/2021\/10\/Transferencia-bancaria-o-deposito.png&#8221; title_text=&#8221;Transferencia bancaria o deposito&#8221; _builder_version=&#8221;4.5.1&#8243; _module_preset=&#8221;default&#8221; global_colors_info=&#8221;{}&#8221;][\/et_pb_image][\/et_pb_column][et_pb_column type=&#8221;1_6&#8243; _builder_version=&#8221;4.5.1&#8243; _module_preset=&#8221;default&#8221; global_colors_info=&#8221;{}&#8221;][et_pb_image src=&#8221;https:\/\/www.touribar.com.ar\/wp-content\/uploads\/2021\/10\/version-horizontal-large.png&#8221; title_text=&#8221;version-horizontal-large&#8221; _builder_version=&#8221;4.5.1&#8243; _module_preset=&#8221;default&#8221; global_colors_info=&#8221;{}&#8221;][\/et_pb_image][\/et_pb_column][et_pb_column type=&#8221;1_6&#8243; _builder_version=&#8221;4.5.1&#8243; _module_preset=&#8221;default&#8221; global_colors_info=&#8221;{}&#8221;][et_pb_image src=&#8221;https:\/\/www.touribar.com.ar\/wp-content\/uploads\/2021\/10\/Maestro-debito.png&#8221; title_text=&#8221;Maestro-debito&#8221; _builder_version=&#8221;4.5.1&#8243; _module_preset=&#8221;default&#8221; global_colors_info=&#8221;{}&#8221;][\/et_pb_image][et_pb_image src=&#8221;https:\/\/www.touribar.com.ar\/wp-content\/uploads\/2021\/10\/ahora-12-vector-logo-768&#215;545-1.png&#8221; title_text=&#8221;ahora-12-vector-logo-768&#215;545&#8243; _builder_version=&#8221;4.5.1&#8243; _module_preset=&#8221;default&#8221; global_colors_info=&#8221;{}&#8221;][\/et_pb_image][\/et_pb_column][\/et_pb_row][\/et_pb_section]<\/p>\n","protected":false},"excerpt":{"rendered":"<p>&nbsp; Los minibares Touribar son fabricados en Argentina. Tienen tres a\u00f1os de garant\u00eda y son totalmente silenciosos por su sistema de refrigeraci\u00f3n por absorci\u00f3n. Las importantes cadenas hoteleras de Argentina confian en Touribar. Te invitamos a conocer los diferentes modelos de frigobares. &nbsp; &nbsp;<\/p>\n","protected":false},"author":1,"featured_media":0,"parent":0,"menu_order":0,"comment_status":"closed","ping_status":"closed","template":"","meta":{"_et_pb_use_builder":"on","_et_pb_old_content":"","_et_gb_content_width":"","_joinchat":[],"footnotes":""},"class_list":["post-61","page","type-page","status-publish","hentry"],"_links":{"self":[{"href":"https:\/\/www.touribar.com.ar\/index.php?rest_route=\/wp\/v2\/pages\/61","targetHints":{"allow":["GET"]}}],"collection":[{"href":"https:\/\/www.touribar.com.ar\/index.php?rest_route=\/wp\/v2\/pages"}],"about":[{"href":"https:\/\/www.touribar.com.ar\/index.php?rest_route=\/wp\/v2\/types\/page"}],"author":[{"embeddable":true,"href":"https:\/\/www.touribar.com.ar\/index.php?rest_route=\/wp\/v2\/users\/1"}],"replies":[{"embeddable":true,"href":"https:\/\/www.touribar.com.ar\/index.php?rest_route=%2Fwp%2Fv2%2Fcomments&post=61"}],"version-history":[{"count":34,"href":"https:\/\/www.touribar.com.ar\/index.php?rest_route=\/wp\/v2\/pages\/61\/revisions"}],"predecessor-version":[{"id":664,"href":"https:\/\/www.touribar.com.ar\/index.php?rest_route=\/wp\/v2\/pages\/61\/revisions\/664"}],"wp:attachment":[{"href":"https:\/\/www.touribar.com.ar\/index.php?rest_route=%2Fwp%2Fv2%2Fmedia&parent=61"}],"curies":[{"name":"wp","href":"https:\/\/api.w.org\/{rel}","templated":true}]}}